m + 5 = -m. Let u be (-19)/(-3) + (-1)/3. Let g = 9 - u. Calculate the remainder when x is divided by g.
1
Suppose -11*x = -13*x + 50. Calculate the remainder when x is divided by (-89)/(-7) + (-4)/(-14).
12
Let r = -6 - -14. Let d = 8 + 39. Calculate the remainder when d is divided by 48/3 + r/(-2).
11
Let o = 13 - 3. Let y(n) = -n**2 + 9*n. Let p(h) = -3*h**2 + 26*h + 1. Let k(t) = -2*p(t) + 7*y(t). What is the remainder when k(6) is divided by o?
8
Let m(j) = -j**2 - j + 4. Calculate the remainder when m(0) is divided by 1*(-5)/(15/(-6)).
0
Let k = 92 - 78. Calculate the remainder when 108 is divided by k.
10
Suppose -4*s - 56 = 8. Let i = -64 + s. What is the remainder when ((-12)/(-5))/((-6)/i) is divided by 11?
10
What is the remainder when 12/4*(2 + 116/6) is divided by 11?
9
Suppose g - k + 4*k - 21 = 0, -5*g - 3*k = -45. Suppose 3*q - 4*q = 0, -5*s + 5*q = -10. What is the remainder when 9/1 + (s - 1) is divided by g?
4
Let z(g) = g**2 - 5*g - 4. Let o be z(6). Suppose -o*t - 2*u = u - 33, 11 = -t + 4*u. Suppose -4*h - 7 = -111. What is the remainder when h is divided by t?
8
Suppose 0 = 3*f - 12, -h = 3*h - 2*f - 12. Suppose 0 = h*y + 33 - 153. Calculate the remainder when 70 is divided by y.
22
Suppose -4*q = 4*l - 52, q + 2*q = -12. Let o(y) = 32*y + 1. Calculate the remainder when o(1) is divided by l.
16
Suppose 0*v + v - 2 = 0. Let m(y) = y**2 - 3*y + 4. Calculate the remainder when v is divided by m(2).
0
Let g(u) = 11*u**2 + 2*u. What is the remainder when 6/4*22/1 is divided by g(-1)?
6
Let w = 1 + -3. Let q(h) = -7*h**2 + 3*h + 2. Let u be q(w). Let o = -18 - u. Calculate the remainder when 26 is divided by o.
12
Suppose 5*t + 2*w + 119 = 6*t, 3*w = 3*t - 363. What is the remainder when t is divided by 62?
61
Let l = 14 + -8. Calculate the remainder when l is divided by 4.
2
Let z = 141 + -137. Calculate the remainder when 37 is divided by z.
1
Let u be ((-1)/(-3))/((-5)/(-45)). Let c = u + -1. What is the remainder when 10 is divided by (c/(-4))/(4/(-48))?
4
What is the remainder when 57 is divided by 10*(2 + 3/(-6))?
12
Suppose -g - 2*w = w - 14, 54 = 5*g - w. Suppose -2*n = -10, -4*n - g = -2*h - 1. Calculate the remainder when 28 is divided by h.
13
Suppose 0 = 3*i - 6 - 30. Let n = -19 - -65. What is the remainder when n is divided by i?
10
Let q be (4/2)/((-12)/(-114)). Let g = 96 - q. Calculate the remainder when g is divided by 20.
17
Let g = -9 + 25. What is the remainder when g is divided by 5?
1
Let s(n) = 2*n - 5. Let k be s(10). Let b = 80 + k. Suppose 0 = -0*w - 3*w + 2*v + b, -4*v - 15 = -w. Calculate the remainder when w is divided by 18.
17
Let g be ((-2)/(-3))/((-8)/(-36)). Suppose 0*w = -g*w + 60. Calculate the remainder when 58 is divided by w.
18
Let l(m) = 0 + 4 + 10 - m. Let d = -7 - -13. What is the remainder when l(d) is divided by 5?
3
Let k(q) = 5*q + 2*q - 6 - q**3 + 5*q**2 + q. Suppose -14 = 4*z - 38. Calculate the remainder when 10 is divided by k(z).
4
Let j(b) = 13*b**3 - b**2. Let k be (18/(-9))/((-4)/(-2)). Let a be j(k). Let v = 23 + a. What is the remainder when 35 is divided by v?
8
Let g be 0 + -2 + -2 + 5. Let m(t) = 11*t**2 - t. Suppose -3*h + 55 = -2. What is the remainder when h is divided by m(g)?
9
Let q(v) = 9*v + 8. Let n(c) = -10*c - 9. Suppose -2*p = 1 + 7. Let o(y) = p*q(y) - 3*n(y). Calculate the remainder when 56 is divided by o(-4).
18
Let c(z) = 2*z**2 + z - 2. Calculate the remainder when 3 is divided by c(1).
0
Let c = -8 + 11. Suppose -c*d = 2*v + 3*v - 16, 0 = -4*d + 5*v + 33. Suppose -26 = g - 3*g. Calculate the remainder when g is divided by d.
6
Suppose -6 = -3*p + 6. Suppose p*m + 2*y = 66 + 20, 0 = m + 5*y - 17. Let g = m + -15. Calculate the remainder when 11 is divided by g.
4
Let p(j) = 2*j - 3. Let h be p(10). Suppose -5*c + 4*z + 54 = -78, -105 = -5*c - 5*z. Let y = c - h. What is the remainder when 25 is divided by y?
4
Let q(d) = -3*d**2 + 17*d + 18*d**2 + d**3 - 10 - 2. Calculate the remainder when q(-13) is divided by 27.
24
Let c(y) = -y + 1. Let b be c(1). Suppose 3*t = -b*t + 54. Calculate the remainder when 51 is divided by t.
15
Let t(v) = 5*v**2 + 7*v**2 + 0 + 1. Let u(z) = z**2. Let j(l) = t(l) - 2*u(l). Calculate the remainder when 32 is divided by j(1).
10
Let j(v) = 29*v**2 - v. Let d(k) = 10*k**3 + k**2 + k - 1. Calculate the remainder when j(-1) is divided by d(1).
8
Let f = 77 - 33. What is the remainder when f is divided by 9?
8
Let p = 90 + 7. Calculate the remainder when p is divided by 11.
9
Suppose 4*c - 117 = 3*s, -1 + 4 = -s. What is the remainder when 133 is divided by c?
25
Suppose 4*f - 157 = -3*w + 2*f, w - 2*f - 63 = 0. Suppose w + 17 = o. Suppose 0*v = -v + 3, 4*s - o = -4*v. Calculate the remainder when 44 is divided by s.
14
Suppose 6*j - 57 = 3*j. Suppose j = 2*y - 11. Calculate the remainder when y is divided by 4.
3
Let u be 2/10 - (-18)/10. Suppose l = 4*j - 15, 4*l + u = 4*j - 10. What is the remainder when 10 is divided by j?
2
Let p(a) = 2*a + 5. Let y be p(-4). Let v = 7 + y. Suppose 2 = -2*c - v*s + 20, s = 5*c - 67. What is the remainder when 38 is divided by c?
12
What is the remainder when 390/4 + (1 - (-9)/(-6)) is divided by 20?
17
Let t be (8 + -7)/((-1)/9). Let d be ((-3)/(-2))/(1/2). Calculate the remainder when 22 is divided by (d/(-2))/(t/48).
6
Let f(z) = z**3 + 13*z**2 - 15*z - 1. What is the remainder when 50 is divided by f(-14)?
11
Let j be (0 - 3)*1 + 33. Suppose 0 = -3*i + 48 + j. Calculate the remainder when i is divided by 14.
12
Suppose 3*h - 3*x = 51, -3*x = 5*h + 1 - 70. What is the remainder when h is divided by 3?
0
Let q be (264/(-20))/(6/(-15)). Calculate the remainder when q - 3 - (-1 - 2) is divided by 17.
16
Suppose 4*h - 130 = -0*l - 2*l, -3*h - 60 = -l. Calculate the remainder when 21 is divided by l/5 + 3/(-5).
9
Let m(d) = -d**3 - d + 16. Let v be (0 - -3)/((-2)/(-2)). What is the remainder when m(0) is divided by (-1*v)/((-1)/3)?
7
Suppose -3*s - 6 = 0, -2*o - 41 = -5*o - 2*s. Calculate the remainder when 39 is divided by o.
9
Suppose 10*i - 8*i = 6. Suppose 3*o = -i*a + 129, 5*o = -a - 3*a + 213. Calculate the remainder when o is divided by 21.
20
What is the remainder when 780/104*(-1 - (-38)/6) is divided by 22?
18
Suppose -k + 29 = -3*h, 0 = -k + 6*k + 2*h - 94. Let x be (2 - 0)*(-14)/(-4). Calculate the remainder when k is divided by 3/(3/x*1).
6
Suppose 0 = 2*x + u + 19, -3*x - 4*u = 38 - 17. Let f = 18 + x. Suppose -t = -7 - f. What is the remainder when 26 is divided by t?
12
Suppose 0 = -4*n + n + 33. What is the remainder when 3/((-12)/62)*-2 is divided by n?
9
Let c = 31 - 14. What is the remainder when 31 is divided by c?
14
Let y = 91 - 81. Calculate the remainder when 26 is divided by y.
6
Suppose i + 25 = -4*i. Calculate the remainder when 101 is divided by (-65)/(-2)*(-4)/i.
23
Let p be (3*-22)/(6/(-4)). Suppose -p = 2*n - 6*n + 2*h, -n + 2*h = -17. What is the remainder when 25 is divided by n?
7
Let g = 4 - -20. Suppose -2*x + 4*i - g = 0, -3*x - 2*i - 2*i = 6. Let p(z) = -z**2 - 8*z. Calculate the remainder when 34 is divided by p(x).
10
Let q(k) = 2*k**2 + k - 3. Let t be q(-3). Let u = t - 5. Calculate the remainder when u is divided by 2.
1
Let p(b) = -7*b - 13. Let o(q) = -8*q - 14. Let t(a) = 6*o(a) - 7*p(a). Calculate the remainder when t(-5) is divided by 1.
0
Let y(s) = s**3 - 5*s**2 + 5*s - 2. Calculate the remainder when y(5) is divided by (-4)/(-14) - 246/(-21).
11
Let a(x) = -7*x**2 - 2. Let m be a(-8). What is the remainder when (-2)/(-5)*m/(-6) is divided by 11?
8
Let h be 2*(-3)/((-18)/51). Suppose 3 + h = 4*x. Suppose -4*i - x*y + 51 = 12, 4*i + 3*y - 33 = 0. What is the remainder when 11 is divided by i?
5
Let a = 56 - 50. Calculate the remainder when 21 is divided by a.
3
Suppose -2*p + 81 = p + 3*f, -4*f - 148 = -4*p. Suppose -5*g - 12 = -2*m, -2*g = -m + 3*m - 26. Calculate the remainder when p is divided by m.
10
What is the remainder when 27 is divided by 483/35 + (-2)/(-10)?
13
Calculate the remainder when (-14)/(-5 + 1 - -2) is divided by 3.
1
Let q = 14 + -5. Suppose -3*c = -0*c - 6. Suppose -24 = l - c*l. What is the remainder when l is divided by q?
6
Let l(g) = 3*g - 37. Calculate the remainder when 32 is divided by l(16).
10
Suppose 